 the highest common divisor of i and 308?
28
Suppose -2*b - 2*b - 2*k = -76, -3*b + 63 = 3*k. What is the highest common factor of 34 and b?
17
Suppose 5*f - 228 = 3*i, 4*i + 43 = f + 6*i. Calculate the highest common factor of f and 18.
9
Let r = -7 - -11. Suppose -31 = -r*q + 109. What is the greatest common divisor of 14 and q?
7
Suppose 0 = 4*h + 25 - 85. What is the greatest common factor of 45 and h?
15
Let t(c) = 2*c**3 - 3*c**2 + 2*c - 3. Let q be t(2). Suppose 0 = -x - 2*w - w + 24, -q*x = -4*w - 63. Calculate the greatest common factor of x and 165.
15
Let h = 19 + -9. What is the greatest common factor of 4 and h?
2
Suppose -12 = 4*a - 0. Let w be (a/9 + -3)*3. Let i = w + 22. Calculate the greatest common factor of 12 and i.
12
Let n(u) be the first derivative of 28*u**3/3 + u**2 + u + 1. Let a be n(-1). What is the highest common factor of a and 9?
9
Suppose 3*b - 58 = 44. Suppose t - 3*n - 17 = -3*t, -3*t - 2*n = -b. Suppose -44 = -t*g + 4*g. What is the greatest common factor of 1 and g?
1
Let s(y) = y**3 + 4*y**2 - 2*y + 3. Let i be s(-3). Suppose -2*g = b - 7, -7*g - 4*b = -3*g - 20. What is the greatest common divisor of g and i?
2
Let c(q) = -3*q + 3. Let w be c(-3). Suppose 4*y = -2*t, 28 = -0*t + 2*t - 3*y. Let d = 20 - t. Calculate the greatest common divisor of d and w.
12
Suppose -11 - 1 = -4*n. Suppose 58 + 17 = n*i. Calculate the highest common divisor of i and 5.
5
Let w = -10 + 16. Suppose 4 + w = 5*g. Suppose -g*y + 37 = -65. Calculate the greatest common divisor of y and 17.
17
Suppose 5*g = -0*b - b + 15, 0 = 5*b - 5*g - 45. Calculate the highest common factor of 15 and b.
5
Let h = 44 + -33. Let f be (-4)/(-1 + -1) + 31. What is the highest common divisor of f and h?
11
Let c(w) = -w**3 - 8*w**2 - 8*w - 7. Let g be c(-7). Let v(y) = -y + 20. Let m be v(g). Let u = 179 + -79. Calculate the highest common divisor of m and u.
20
Let p be ((-30)/(-25))/((-6)/(-40)). Suppose 2*t = 4*t - 4. Suppose 24 = v + t*v. Calculate the greatest common factor of p and v.
8
Let q be (-1 + 0)/(-1 - 0). Calculate the highest common divisor of q and 11.
1
Let g = -31 + 43. Suppose 5*l + 5*i = 70, -l - 2*i = -4*i - 8. What is the greatest common factor of l and g?
12
Suppose 87*i = 91*i - 56. Let d(x) = 12*x**2 - 3*x. Let r be d(2). Calculate the greatest common divisor of i and r.
14
Suppose -n + 48 = 3*n. Let b = -5 + 11. What is the highest common divisor of n and b?
6
Let a = 184 + 69. What is the greatest common divisor of 23 and a?
23
Suppose 3*c = -0*c + 288. Let b = 15 + -3. Calculate the highest common divisor of c and b.
12
Let s(c) be the third derivative of c**6/120 - c**5/6 - 11*c**4/24 + 7*c**3/3 + 4*c**2. Let r be s(11). What is the greatest common factor of r and 42?
14
Suppose 0 = -5*j + 2*j + 96. Calculate the greatest common divisor of j and 224.
32
Suppose 18 = 2*h - 4*q, 4*q + 37 = 4*h + 5. Calculate the greatest common divisor of h and 49.
7
Let z = 12 + 3. Calculate the greatest common factor of z and 5.
5
Let z(l) be the first derivative of -3*l**2/2 + 3. Let j be z(-6). What is the greatest common divisor of 126 and j?
18
Let p(j) = j**3 + 4*j**2 - 3*j + 5. Let b be p(2). Calculate the greatest common factor of 69 and b.
23
Let a be (-2)/4 - (-42)/4. Suppose 2*s + 14 = -2*j, s + 5 = 5*j - 2*s. Let b be (0 - 10)*(-3 - j). Calculate the highest common divisor of a and b.
10
Suppose -2*s + 30 = -150. Suppose -22*y + 45 = -19*y. Calculate the greatest common factor of y and s.
15
Let h = 129 + -49. Calculate the highest common factor of 16 and h.
16
Suppose 0 = 3*f - 0*f + o - 35, -5*f = -2*o - 62. Let n(k) = k**3 + 12*k**2 + 6*k - 31. Let j be n(-11). Calculate the greatest common factor of j and f.
12
Let z be 2/(-7) - (-580)/70. What is the highest common factor of z and 8?
8
Let v be 3170/11 - 6/(-99)*-3. Calculate the greatest common factor of 9 and v.
9
Suppose i + 18 = 2*i. Let j be i + -1 + 1 + 2. What is the greatest common divisor of j and 10?
10
Let w(p) = -p**2 - p - 1. Let c be w(-2). Let m be 1 + c + 18 + -2. What is the highest common divisor of 98 and m?
14
Let j be 17*(2 + -3)*-9. Let z be 18 - (-2)/(-3 + 1). Calculate the highest common factor of j and z.
17
Let f = 7 - 4. Let r(h) = h**3 + 8*h**2 - 7*h + 6. Let c be r(-9). Let i = c - -45. What is the highest common divisor of i and f?
3
Let j(k) = -k - 3. Let u be j(-6). Let s(o) = -o + u + 0*o + 1. Let d be s(3). What is the greatest common divisor of 11 and d?
1
Let j be -3*((-2)/6 + 1). Let x = -1 - j. Calculate the highest common factor of 5 and x.
1
Suppose 0 = u + 2*p + 3, -3*p + 21 = 5*u - 2*p. Let z = 3 - 4. Let d(c) = -31*c**3 - c**2 - c - 1. Let q be d(z). What is the highest common divisor of q and u?
5
Let l(z) = -7*z + 7. Let t be l(-1). Calculate the highest common divisor of t and 7.
7
Let h(c) = 2*c**2 - 5*c. Let p be h(5). Let j = p - 10. Calculate the greatest common divisor of j and 15.
15
Let h(b) = -b**3 + 8*b**2 + 10. Let u be h(8). Suppose 0*l - 4*x - 196 = -2*l, 434 = 5*l + 4*x. Calculate the greatest common divisor of l and u.
10
Let g = -70 - -83. Calculate the greatest common factor of 299 and g.
13
Suppose m + 0 = 2. Suppose -m*g + 120 = b, 0*b = -2*b. Calculate the greatest common factor of g and 24.
12
Let f be (-15)/(-1)*(-10)/25. Let a be (43 - -1)*f/(-24). Calculate the greatest common factor of 121 and a.
11
Let j(f) = 6. Let o(w) = -w. Let m(n) = -j(n) - 5*o(n). Let i be m(4). What is the highest common factor of i and 70?
14
Suppose -28 = -q + 287. What is the highest common divisor of q and 45?
45
Suppose 0 = -3*c + 2*c + 6. Suppose 4*g + 60 = 8*g. What is the greatest common factor of g and c?
3
Suppose 5*i + 0*u - 209 = -u, -87 = -2*i + 3*u. Calculate the highest common divisor of i and 21.
21
Let a = 9 - 5. Let y(g) = g**3 - g**2 + 32. Let i be y(0). What is the greatest common divisor of a and i?
4
Suppose 0 = 4*i - 6*i + 32. Suppose -4*v + 38 = -58. Calculate the highest common divisor of v and i.
8
Let s(t) = -2*t - 4. Let q be s(-4). Suppose -35 = -n - q*n. What is the greatest common divisor of 56 and n?
7
Let l be (-140)/(-49)*7/2. Calculate the highest common divisor of 25 and l.
5
Let n be 7/((-7)/(-4))*1. Calculate the highest common factor of n and 28.
4
Let v be (-6)/15 - (-3)/(-5). Let f be 2/(-4)*0 - v. Let g = 8 + -1. What is the greatest common factor of f and g?
1
Let f be -5 + 8/((-16)/(-6)) + 97. Let c be 4/(-10) - 192/(-5). What is the highest common divisor of c and f?
19
Suppose -c = 3*c - 504. Calculate the highest common divisor of 14 and c.
14
Suppose 4*r = 4, -4*f + 0 = -r + 1. Suppose f = -3*d - 4*c, 3*d + 2*d = -c. Let t = d - -5. What is the highest common divisor of t and 40?
5
Suppose -3*k + 0*k = -33. Calculate the greatest common factor of 44 and k.
11
Let j(l) = 6*l - 11. Let h(r) = 2*r - 4. Let k(o) = -17*h(o) + 6*j(o). Let m be k(2). Suppose 2*c - 24 = m. Calculate the greatest common factor of 15 and c.
15
Let o be (0 - (-68)/6)/((-6)/(-18)). What is the highest common divisor of o and 51?
17
Let t = 3 + 11. Suppose 6*w = 4*w + t. Calculate the highest common divisor of 7 and w.
7
Let n be 4/(-14) - 15/(210/(-368)). What is the greatest common divisor of 78 and n?
26
Suppose y - 27 = 2*q - 5*q, -5*q = -3*y + 39. What is the greatest common factor of 18 and y?
18
Let s(b) = 6*b**2 + b - 4. Let r be s(4). Calculate the highest common divisor of 12 and r.
12
Let y = 1 - -6. Let s(f) = 19*f**2 + f - 1. Let h = 13 + -11. Let b be s(h). What is the greatest common divisor of y and b?
7
Suppose -2*l + 7*l - 10 = -5*j, 2*j = -4*l - 2. Suppose 0 = -q + j*q - 228. Suppose -q = -7*n + 6*n. Calculate the highest common factor of 38 and n.
19
Let u be 4/14 + (-47)/(-7). Suppose -448 = 3*o - u*o. What is the highest common divisor of 14 and o?
14
Suppose -4*r + 80 = r. Suppose -f - 2*i = f + r, f - 2*i - 4 = 0. Let j be (-2)/(-3)*(-30)/f. Calculate the greatest common divisor of j and 55.
5
Let f(h) = -h**3 - h**2 + 80. Let t be f(0). Suppose 2*j + t = 6*j. What is the greatest common factor of 20 and j?
20
Let o = 18 - 9. Suppose -u - 2*y + 33 = 0, 5*y = u - 0 - 12. What is the greatest common divisor of o and u?
9
Let r be (-1)/(-3) + 70/15. Let a be 22/6 + (-2)/3. Suppose 3*